u**2 + 517*u + 3555. What is o(-254)?
1269
Let g(k) = 13*k**2 + 174*k + 324. What is g(-2)?
28
Let u(l) = 20707*l + 124734. Give u(-6).
492
Let t(b) = b**3 - 17*b**2 + 67*b - 97. Give t(13).
98
Let o(q) = -15*q**3 - 36*q**2 - 37*q + 221. Give o(2).
-117
Let j(n) = 84*n**2 - 10854*n + 1988. What is j(129)?
-334
Let o(l) = 431985*l - 3455847. Calculate o(8).
33
Let y(g) = -48*g**2 - 1789*g + 12. Determine y(-36).
2208
Let m(b) = -1020*b + 6085. What is m(6)?
-35
Let y(u) = u**3 - 122*u**2 - 471*u + 57344. Calculate y(122).
-118
Let i(z) = -z**2 + 606*z - 34383. Determine i(61).
-1138
Let f(j) = -51415*j**2 - 154238*j + 7. What is f(-3)?
-14
Let b(n) = n**3 + 144*n**2 - 309*n - 2887. Give b(-146).
-405
Let b(g) = 6*g**3 + 1814*g**2 + 708*g + 31405. Calculate b(-302).
-3
Let n(t) = 6*t**2 - 14*t - 135. Determine n(-9).
477
Let b(h) = -119*h - 25111. Determine b(-211).
-2
Let o(i) = -2295*i + 112444. Calculate o(49).
-11
Let d(k) = -568*k + 8547. Give d(16).
-541
Let z(u) = -5398*u - 43138. Determine z(-8).
46
Let d(u) = 413099*u + 2891708. Determine d(-7).
15
Let z(h) = 9212*h - 55046. Calculate z(6).
226
Let y(l) = l**2 - 3826*l + 11480. Determine y(3).
11
Let f(n) = -n**3 - 27*n**2 + 92*n + 146. Calculate f(4).
18
Let i(t) = t**3 + 6*t**2 + 71*t - 229. Give i(3).
65
Let v(w) = -730*w - 242395. What is v(-332)?
-35
Let v(k) = -2*k**3 - 168*k**2 + 167*k + 79. Determine v(-85).
334
Let u(n) = -179*n**2 - 14681*n - 243. Give u(-82).
3
Let l(o) = o**3 - 178*o**2 - 603*o + 281204. Give l(172).
-16
Let n(j) = j**3 + 26*j**2 - 478*j - 862. Calculate n(-38).
-26
Let z(l) = 2*l**3 - 59*l**2 - 231*l + 2276. Give z(32).
4
Let r(z) = -z**3 + 116*z**2 - 2274*z - 66. Give r(91).
25
Let u(b) = -41*b**2 + 492*b - 3. What is u(12)?
-3
Let f(a) = a**2 + 224*a - 4965. Calculate f(20).
-85
Let q(v) = -921*v - 21712. Determine q(-29).
4997
Let n(l) = 2*l**3 + 56*l**2 + 407*l + 548. What is n(-17)?
-13
Let g(k) = 24686*k - 1308405. Determine g(53).
-47
Let m(z) = -z**2 - 234856*z - 4931528. Calculate m(-21).
7
Let h(q) = -153*q**2 + 52*q - 134. Give h(3).
-1355
Let s(f) = 3*f**3 + 28*f**2 + 55*f + 587. Determine s(-10).
-163
Let h(u) = 145318*u - 581284. Determine h(4).
-12
Let b(c) = -2*c**2 + 395*c + 9794. Determine b(-22).
136
Let b(o) = -o**3 + 307*o**2 + 3465*o + 10479. Give b(318).
-15
Let m(k) = 10828*k + 4320397. Determine m(-399).
25
Let g(w) = 43*w**2 + 291*w + 11. Calculate g(-5).
-369
Let p(b) = 223*b + 5425. Determine p(-22).
519
Let u(a) = -2*a**3 + 37*a**2 - 219*a + 378. Give u(8).
-30
Let n(h) = 76*h**2 + 14284*h - 740. What is n(-188)?
12
Let w(q) = -25902*q + 1191487. Determine w(46).
-5
Let m(o) = -57176*o + 2629979. What is m(46)?
-117
Let l(z) = 3*z**2 + 2242*z + 13442. Determine l(-6).
98
Let s(r) = 3*r**2 + 4815*r + 1548612. Calculate s(-1160).
12
Let z(c) = 2*c**2 + 220*c - 829. Determine z(8).
1059
Let i(z) = 443*z**3 + 105*z**2 + 109*z + 3. Give i(-1).
-444
Let v(c) = -505*c + 8777. Determine v(13).
2212
Let r(q) = -289*q**2 - 26*q + 7. What is r(-2)?
-1097
Let r(q) = 11*q**3 + 597*q**2 + 1824*q - 616. Determine r(-51).
-4
Let n(o) = 77930*o - 77934. Determine n(1).
-4
Let j(i) = -i**2 + 510*i + 3113. Determine j(516).
17
Let j(a) = 770*a + 26999. Determine j(-35).
49
Let t(j) = -2*j**3 - 960*j**2 - 3820*j - 5694. Determine t(-476).
18
Let s(j) = 60531*j - 2057955. What is s(34)?
99
Let i(h) = 7*h**2 - 226*h - 661. Determine i(37).
560
Let f(h) = 24*h**2 - 649*h + 1938. Calculate f(3).
207
Let z(v) = -4*v**2 - 10010*v - 69873. Determine z(-7).
1
Let r(s) = 463*s + 1736. Give r(-5).
-579
Let u(x) = -26698*x**2 + 53396*x - 3. Calculate u(2).
-3
Let m(p) = p**3 + 26*p**2 + 170*p + 903. Give m(-19).
200
Let a(u) = -2811*u + 8444. Give a(3).
11
Let u(o) = 355*o - 1482. Give u(2).
-772
Let q(x) = 13*x**2 - 180*x + 391. Determine q(6).
-221
Let n(b) = 426*b**3 + 850*b**2 - 45*b - 89. Give n(-2).
-7
Let v(t) = -7924*t - 56213. Determine v(-7).
-745
Let p(c) = c**3 - 113*c**2 - 326*c + 70. Determine p(-3).
4
Let c(z) = -z**2 - 687*z + 2329668. What is c(1221)?
0
Let a(g) = -739*g - 11788. Give a(-16).
36
Let m(l) = -l**3 - 110*l**2 - 2194*l - 422. Determine m(-84).
418
Let s(a) = -a**3 + 3*a**2 + 257*a + 65. What is s(18)?
-169
Let t(n) = -n**3 - 67*n**2 + 292*n + 11354. Determine t(-69).
728
Let k(z) = -23*z**3 + 6*z**2 + 171*z + 590. What is k(-4)?
1474
Let z(i) = i**3 - 51*i**2 + 32*i + 7315. What is z(47)?
-17
Let y(z) = 3429*z - 229858. Give y(67).
-115
Let t(r) = 35*r**2 + 1369*r + 1495. Determine t(-38).
13
Let i(u) = -2*u**2 + 243*u + 8029. Calculate i(-27).
10
Let t(h) = -10*h**2 - 2376*h - 1420. What is t(-237)?
2
Let j(o) = -4157*o - 12500. Give j(-3).
-29
Let g(s) = 2200*s**3 + 6*s**2 - 74*s - 81. Calculate g(-1).
-2201
Let c(w) = -706902*w - 19793288. Calculate c(-28).
-32
Let o(k) = -11711*k - 11347965. What is o(-969)?
-6
Let a(g) = -3*g**3 - 51*g**2 + 420*g + 6502. What is a(-18)?
-86
Let j(c) = c**3 - 383*c**2 - 62222*c - 8100. Determine j(506).
-4
Let k(v) = 4*v**3 - 184*v**2 + 1338*v - 54. Give k(9).
0
Let p(f) = 4675*f - 23360. Give p(5).
15
Let c(q) = q**2 - 4443*q + 2629227. What is c(703)?
7
Let r(s) = 124*s**3 + 2*s**2 + 5*s + 1. Determine r(1).
132
Let f(j) = j**2 + 819*j - 75856. Give f(84).
-4
Let q(j) = -342*j**2 - 6930*j + 6928. Calculate q(1).
-344
Let v(t) = -4*t**3 + 326*t**2 - 633*t - 10. What is v(2)?
-4
Let p(u) = -3*u**3 - 389*u**2 + 1480*u + 175498. Give p(-130).
-2
Let q(s) = -s**2 + 125*s - 3217. What is q(94)?
-303
Let u(t) = t**3 - 471*t**2 + 3246*t + 960. Give u(464).
32
Let a(r) = -95373*r - 286233. Determine a(-3).
-114
Let y(l) = 5634*l + 61219. What is y(-11)?
-755
Let b(u) = -u**2 + 522*u + 15496. Determine b(-28).
96
Let q(z) = 253*z + 5003. Determine q(-17).
702
Let y(d) = -8*d**3 + 138*d**2 - 553*d - 3. Calculate y(4).
-519
Let o(p) = p**3 + 264*p**2 + 8548*p - 1514. What is o(-38)?
6
Let d(n) = -n**3 - 62*n**2 - 337*n - 19425. Give d(-62).
1469
Let n(b) = 294652*b + 4125162. What is n(-14)?
34
Let p(h) = 16*h**2 - 154*h + 573. Determine p(4).
213
Let c(x) = 4*x**2 - 184565*x - 2215365. What is c(-12)?
-9
Let u(j) = -j**2 + 102398*j - 511975. Determine u(5).
-10
Let w(i) = -358*i + 7792. Give w(19).
990
Let m(w) = 72*w**2 - 16842*w - 1384. Give m(234).
20
Let o(q) = 765*q - 146108. Calculate o(191).
7
Let d(w) = 68*w**2 + 940*w + 2808. Calculate d(-3).
600
Let q(u) = -2*u**2 + 745*u - 68512. Give q(207).
5
Let x(t) = 18*t**3 + 3*t**2 + 53*t - 372. Calculate x(4).
1040
Let k(h) = -h**2 + 18409*h - 7485076. Give k(416).
12
Let k(f) = -2*f**2 + 926*f + 158535. Calculate k(596).
-1
Let h(x) = 2*x**2 - 665*x - 139723. Give h(-146).
-1
Let q(i) = -i**2 + 2559*i - 43324. Give q(17).
-110
Let a(m) = 15175*m - 2185201. What is a(144)?
-1
Let j(p) = 7*p**2 - 218*p - 4940. Give j(-20).
2220
Let j(y) = 265256*y - 2387306. Determine j(9).
-2
Let t(m) = m**2 + 4536*m + 330196. What is t(-74)?
8
Let l(i) = -7683*i - 38762. What is l(-5)?
-347
Let i(a) = 3*a**3 + 54*a**2 - 5*a - 10. Determine i(-18).
80
Let j(b) = 21*b**3 - 130*b**2 - 3296*b + 6. Give j(16).
6
Let u(s) = -s**2 - 17229*s + 1628363. Calculate u(94).
1
Let h(q) = -22*q**2 + 321*q + 290. Determine h(15).
155
Let g(t) = -26*t**2 + 2886*t - 2887. Calculate g(1).
-27
Let z(f) = 13*f**2 - 89*f - 650. Determine z(-7).
610
Let r(q) = 2*q**2 + 294*q + 1838. What is r(-139)?
-386
Let t(p) = 18886*p + 830980. Determine t(-44).
-4
Let o(y) = -y**3 + 42*y**2 + 21*y - 582. Calculate o(-4).
70
Let v(n) = -5*n**3 + 169*n**2 - 1323*n - 370. What is v(21)?
71
Let r(j) = 6*j**2 - 1574*j + 2145. Calculate r(261).
57
Let a(m) = -m**3 - 39*m**2 + 970*m + 37197. Determine a(-40).
-3
Let y(k) = 61*k + 1568. What is y(-30)?
-262
Let h(d) = d**3 - 219*d**2 - 434*d - 1733. Give h(221).
35
Let b(m) = -101006*m + 1919121. Calculate b(19).
7
Let v(n) = 6581*n**2 + 171124*n + 453. What is v(-26)?
-15
Let p(s) = -17516*s + 1208605. Calculate p(69).
1
Let w(c) = 2*c**3 + 27*c**2 - 154*c + 462. Calculate w(-20).
-1658
Let t(m) = -194237*m - 1748133. Give t(-9).
0
Let o(g) = 525*g + 53143. Determine o(-96).
2743
Let y(g) = g**3 - 3*g**2 + 8109*g - 97501. What is y(12)?
1103
Let n(t) = -26*t**2 + 589*t - 4067. Determine n(7).
-1218
Let p(u) = -895*u - 116334. What is p(-130)?
16
Let 